Calculate the greatest common factor of 85 and 356320.
85
What is the highest common divisor of 14643 and 9?
9
What is the greatest common divisor of 221515 and 105?
35
Calculate the greatest common factor of 23888 and 464.
16
What is the highest common divisor of 471569 and 4242?
707
What is the highest common divisor of 2802 and 1455172?
934
Calculate the greatest common factor of 17 and 72454.
17
Calculate the highest common factor of 150290 and 70.
70
Calculate the highest common divisor of 8673 and 105.
21
Calculate the highest common divisor of 70 and 2086.
14
What is the highest common divisor of 1846 and 13987?
71
What is the greatest common divisor of 42 and 2559382?
14
Calculate the highest common divisor of 14350 and 11890.
410
Calculate the highest common factor of 2505 and 17.
1
What is the highest common divisor of 1968 and 156?
12
Calculate the highest common factor of 110 and 65390.
10
What is the highest common divisor of 37714 and 29410?
346
Calculate the greatest common divisor of 1632 and 130368.
96
Calculate the greatest common divisor of 833 and 147322.
119
Calculate the greatest common factor of 95417 and 42.
7
Calculate the greatest common factor of 6 and 82914.
6
What is the highest common factor of 154 and 31689?
7
What is the highest common divisor of 24 and 7688?
8
Calculate the highest common factor of 190 and 15105.
95
What is the greatest common factor of 2077 and 837?
31
Calculate the highest common divisor of 13793 and 156.
13
Calculate the highest common divisor of 990 and 9360.
90
Calculate the highest common divisor of 10621 and 89999.
559
What is the highest common divisor of 3950 and 1106?
158
What is the highest common divisor of 130 and 19045?
65
Calculate the highest common factor of 1638 and 1708.
14
What is the highest common divisor of 28204 and 968?
44
Calculate the highest common factor of 863413 and 51.
17
Calculate the greatest common factor of 520 and 36010.
130
Calculate the greatest common divisor of 95 and 662245.
95
What is the greatest common divisor of 1311750 and 135?
45
What is the highest common factor of 427 and 15883?
7
What is the greatest common factor of 1342238 and 62?
62
What is the highest common divisor of 1156543 and 5629?
433
Calculate the greatest common divisor of 17499 and 8037.
57
What is the highest common divisor of 61490 and 165?
55
What is the highest common divisor of 144 and 402768?
144
Calculate the highest common divisor of 646 and 3026.
34
What is the greatest common divisor of 1640 and 560?
40
Calculate the greatest common divisor of 7288 and 68325.
911
Calculate the greatest common divisor of 62 and 15937627.
31
Calculate the greatest common factor of 240 and 406128.
48
What is the highest common divisor of 363983 and 19?
19
What is the greatest common divisor of 988 and 91442?
26
What is the highest common divisor of 386970 and 270?
30
Calculate the highest common divisor of 31376 and 265.
53
What is the highest common divisor of 456 and 12616?
152
Calculate the greatest common factor of 1302 and 9763698.
1302
Calculate the greatest common divisor of 16 and 104240.
16
Calculate the highest common divisor of 61480 and 848.
424
What is the highest common divisor of 3497 and 50303?
269
Calculate the highest common factor of 1513974 and 462.
462
What is the greatest common divisor of 3 and 155163?
3
What is the greatest common factor of 30400 and 125?
25
Calculate the greatest common divisor of 2565 and 2535.
15
Calculate the highest common factor of 36105 and 27805.
415
Calculate the highest common divisor of 286 and 1925781.
143
Calculate the highest common divisor of 1300 and 54340.
260
What is the highest common divisor of 3295871 and 113?
113
What is the greatest common divisor of 8376 and 45?
3
Calculate the highest common divisor of 38792 and 416.
104
What is the highest common factor of 8249 and 1460?
73
What is the highest common divisor of 7 and 17?
1
Calculate the greatest common factor of 8021 and 793.
13
What is the highest common factor of 756 and 4068?
36
What is the greatest common divisor of 9048 and 2424?
24
Calculate the highest common factor of 556 and 10703.
139
Calculate the highest common divisor of 23092 and 18825.
251
Calculate the greatest common divisor of 1092 and 8034.
78
Calculate the highest common factor of 261618 and 4326.
42
Calculate the highest common divisor of 16 and 57368.
8
Calculate the greatest common factor of 340 and 112676.
68
What is the highest common factor of 249049 and 1355?
271
What is the greatest common factor of 475 and 5575?
25
Calculate the greatest common divisor of 616 and 712.
8
Calculate the highest common divisor of 43 and 15523.
43
Calculate the highest common factor of 1599 and 1970501.
533
What is the greatest common factor of 1787427 and 189?
27
Calculate the greatest common divisor of 818352 and 1872.
144
Calculate the highest common factor of 145904 and 880.
176
What is the highest common divisor of 654615 and 56160?
1755
What is the greatest common divisor of 236362 and 84?
14
What is the highest common factor of 1173 and 10506?
51
Calculate the greatest common divisor of 2275 and 34775.
325
What is the highest common divisor of 25 and 10025?
25
What is the highest common divisor of 193575 and 300?
75
Calculate the highest common divisor of 2427 and 207913.
809
What is the greatest common factor of 13243 and 209?
19
What is the highest common divisor of 39654 and 3042?
18
What is the greatest common divisor of 4270 and 16958?
122
Calculate the greatest common factor of 130 and 18304.
26
What is the highest common factor of 13850 and 800?
50
Calculate the greatest common factor of 441 and 3409.
7
Calculate the highest common divisor of 17821 and 502.
251
Calculate the greatest common factor of 255 and 3960609.
51
Calculate the greatest common factor of 450 and 1007550.
450
What is the greatest common factor of 642842 and 9873?
1097
Calculate the greatest common divisor of 5330 and 1794.
26
What is the highest common divisor of 527719 and 881?
881
What is the highest common divisor of 134502 and 18?
6
What is the highest common factor of 2125 and 4080?
85
Calculate the highest common divisor of 342 and 307914.
114
Calculate the highest common divisor of 8421 and 15238.
401
What is the highest common factor of 100075 and 25?
25
What is the highest common divisor of 190270 and 530?
530
Calculate the greatest common factor of 1456 and 58744.
56
What is the greatest common divisor of 4035 and 105?
15
Calculate the greatest common divisor of 2816 and 144.
16
What is the greatest common divisor of 57346 and 106?
106
Calculate the greatest common divisor of 11334 and 15.
3
Calculate the highest common factor of 28042 and 266.
14
Calculate the greatest common divisor of 49941 and 5301.
279
What is the greatest common divisor of 275 and 23800?
25
What is the highest common factor of 3167424 and 282?
282
Calculate the highest common divisor of 1818 and 441.
9
What is the greatest common divisor of 202176 and 728?
104
What is the highest common factor of 473 and 11997?
43
What is the highest common factor of 3128 and 690506?
782
What is the highest common factor of 428 and 676?
4
Calculate the highest common divisor of 467480 and 116.
116
Calculate the greatest common divisor of 1176 and 338296.
392
Calculate the greatest common divisor of 271 and 1810009.
271
What is the greatest common factor of 80102 and 48326?
662
Calculate the greatest common divisor of 8 and 324.
4
Calculate the greatest common divisor of 178534 and 178.
178
Calculate the highest common divisor of 125774 and 22.
22
Calculate the greatest common divisor of 2159 and 17646.
17
Calculate the greatest common divisor of 237779 and 4828.
1207
Calculate the greatest common divisor of 144 and 23592.
24
What is the greatest common factor of 12 and 3636?
12
Calculate the highest common factor of 20465 and 445.
5
What is the highest common factor of 195 and 31655?
65
What is the highest common factor of 545380 and 148?
148
What is the highest common factor of 1346 and 2679886?
1346
What is the highest common factor of 1504 and 784?
16
What is the highest common factor of 48165 and 12255?
285
Calculate the greatest common factor of 8 and 39166.
